what is -2 + -1d8?
-1da
In base 6, what is 15 + 1?
20
In base 13, what is 6b + 69?
107
In base 6, what is -123 + 3?
-120
In base 11, what is 210 - -28?
238
In base 14, what is 3 + 82?
85
In base 6, what is 103 + 0?
103
In base 15, what is 18 - -9?
22
In base 8, what is 22045 - -3?
22050
In base 3, what is 10 + -221100?
-221020
In base 5, what is -10220 + 1?
-10214
In base 13, what is 10 + -a?
3
In base 8, what is -514 + 0?
-514
In base 14, what is 16b + 5?
172
In base 5, what is -10 + -211?
-221
In base 12, what is -7 - -202?
1b7
In base 11, what is 0 + -2a0?
-2a0
In base 10, what is -7 + 20?
13
In base 5, what is -4 + 32?
23
In base 16, what is 5 + 3bd?
3c2
In base 15, what is -66 + 3?
-63
In base 4, what is 121 + 11002?
11123
In base 2, what is 110111010101 + 1?
110111010110
In base 9, what is -4826 + 0?
-4826
In base 6, what is -1 - -1303?
1302
In base 4, what is 131 + -1312?
-1121
In base 13, what is -4 - 152?
-156
In base 12, what is -10 + -34b?
-35b
In base 7, what is -234 + -2?
-236
In base 11, what is -38a7 - 2?
-38a9
In base 10, what is 340 - 4?
336
In base 9, what is -865 + 0?
-865
In base 5, what is 3 - -11231?
11234
In base 7, what is -1 + -4110?
-4111
In base 16, what is -a - 305?
-30f
In base 6, what is -11 + 3542?
3531
In base 5, what is 11 - 4204?
-4143
In base 7, what is -565 + 0?
-565
In base 6, what is 512 - 5?
503
In base 3, what is -2 - 1010?
-1012
In base 5, what is 211 - 10?
201
In base 9, what is -16 - 76?
-103
In base 16, what is 5 + 6?
b
In base 12, what is -25 - -b?
-16
In base 2, what is 100 - 1000011?
-111111
In base 13, what is 1405 + -4?
1401
In base 11, what is 1 + -a24?
-a23
In base 14, what is 1a - -4a?
66
In base 14, what is 0 - 146?
-146
In base 2, what is 1010000 - -11?
1010011
In base 6, what is -244 - -52?
-152
In base 11, what is -6 - 43?
-49
In base 9, what is 1113 + 8?
1122
In base 6, what is 3 + -2325?
-2322
In base 8, what is -233 + 12?
-221
In base 16, what is c + -19?
-d
In base 11, what is -200a3 + 0?
-200a3
In base 14, what is -6 + -10?
-16
In base 3, what is 110 - -111?
221
In base 11, what is -24 - -82?
59
In base 12, what is -4a1 - 5?
-4a6
In base 13, what is 2 - 106?
-104
In base 4, what is 132 - -21?
213
In base 10, what is -3 + 394?
391
In base 7, what is -452 + -11?
-463
In base 8, what is -2 + -111?
-113
In base 15, what is 2 - -a7?
a9
In base 11, what is -21 - -6?
-16
In base 5, what is -101 - 3?
-104
In base 6, what is -4 - 25?
-33
In base 7, what is 3 + -16241?
-16235
In base 12, what is 93 - -79?
150
In base 9, what is 3 - -5?
8
In base 15, what is 5 + -13?
-d
In base 16, what is 7 - a?
-3
In base 2, what is -11001 + -11011?
-110100
In base 11, what is a2 - 0?
a2
In base 4, what is 1002 + -111?
231
In base 3, what is 100221111 - 12?
100221022
In base 6, what is -1 + -1053?
-1054
In base 9, what is -136 - 1?
-137
In base 3, what is -2101 - -1022?
-1002
In base 6, what is 33 - 1032?
-555
In base 8, what is 44 + -23?
21
In base 11, what is 1a64 + 4?
1a68
In base 16, what is -45d - -1?
-45c
In base 6, what is 3222 - 5?
3213
In base 4, what is 1201 + 1102?
2303
In base 9, what is -18 + -147?
-166
In base 10, what is -182 - -134?
-48
In base 8, what is -100 + 2?
-76
In base 10, what is 143 + -35?
108
In base 2, what is -1 + -10000001?
-10000010
In base 13, what is 13 - 166?
-153
In base 16, what is 4 - -138?
13c
In base 11, what is 352 - 0?
352
In base 12, what is -5 - 2782?
-2787
In base 2, what is -11010000001 - 10?
-11010000011
In base 7, what is -5 + -12?
-20
In base 12, what is 149 + -5?
144
In base 12, what is -5 - -37?
32
In base 16, what is -23d - -6?
-237
In base 4, what is -22022 + -11?
-22033
In base 9, what is -4 + -48?
-53
In base 12, what is 2999 - 2?
2997
In base 6, what is -110533 - 4?
-110541
In base 3, what is 20 - 210?
-120
In base 14, what is -1080 - -5?
-1079
In base 11, what is -192 + 4?
-189
In base 4, what is -1132112 - 1?
-1132113
In base 13, what is -30a0 + 4?
-3099
In base 3, what is -1000201 - 1122?
-1002100
In base 10, what is 176 - -16?
192
In base 6, what is 4250 - 0?
4250
In base 11, what is -4 - -108?
104
In base 14, what is -18 + 1?
-17
In base 5, what is -22 - -300?
223
In base 11, what is 8 - -136a?
1377
In base 6, what is -1 + -14321?
-14322
In base 5, what is 10 - 1041?
-1031
In base 12, what is -6 - 2?
-8
In base 6, what is -5 - -153?
144
In base 13, what is -623 - -3?
-620
In base 3, what is -21 - 121120?
-121211
In base 2, what is -1101100001111 + 0?
-1101100001111
In base 2, what is -10001000001 - -100?
-10000111101
In base 2, what is 1010100 - -10?
1010110
In base 15, what is 0 - -394?
394
In base 10, what is 7 - -61?
68
In base 6, what is 1 - 10104?
-10103
In base 10, what is -288 + 6?
-282
In base 5, what is -10 + -304?
-314
In base 7, what is 3300 + -5?
3262
In base 2, what is 10000 - 10111000?
-10101000
In base 10, what is -158 - 88?
-246
In base 6, what is -1525 + 14?
-1511
In base 12, what is -27 + -1?
-28
In base 6, what is -1044 - -100?
-544
In base 13, what is 37b - -5?
383
In base 2, what is 101010010 + 101001?
101111011
In base 11, what is -298 + 5?
-293
In base 7, what is 36136 + 5?
36144
In base 5, what is 1 + -4341?
-4340
In base 13, what is -4b + -1a?
-68
In base 3, what is -11220 - 12?
-12002
In base 13, what is 3 + -351?
-34b
In base 4, what is 10 + 13302?
13312
In base 13, what is 12 + 24a?
25c
In base 6, what is 5 - 12220?
-12211
In base 12, what is -5 - 51?
-56
In base 14, what is -11d4 - -2?
-11d2
In base 11, what is 13 - 3?
10
In base 13, what is 35 - -14?
49
In base 7, what is -54 - 20?
-104
In base 5, what is -1 - -243?
242
In base 3, what is 20 + -101?
-11
In base 15, what is -3 + -16?
-19
In base 7, what is 52 + -25?
24
In base 8, what is -100 + -1?
-101
In base 12, what is 1 - 62?
-61
In base 13, what is -2769 - -4?
-2765
In base 7, what is -2144 + 3?
-2141
In base 4, what is -2 + 10330?
10322
In base 11, what is -2 + -1a8?
-1aa
In base 14, what is -4a3 + 4?
-49d
In base 4, what is -1 - -21001?
21000
In base 10, what is 1267 - 12?
1255
In base 13, what is -9 - -4?
-5
In base 13, what is -1 + -2c?
-30
In base 16, what is 4 + 294d?
2951
In base 3, what is -2 - 20102?
-20111
In base 15, what is 1 - -46a?
46b
In base 16, what is -5 - -85?
80
In base 6, what is -441 + 10?
-431
In base 7, what is 5 - -602?
610
In base 7, what is -20202 - -4?
-20165
In base 3, what is -22021 + 10112?
-11202
In base 3, what is 100 - -200002?
200102
In base 13, what is 2 + 0?
2
In base 16, what is -9 + bd?
b4
In base 5, what is 0 - 213?
-213
In base 14, what is -2 + -16c?
-170
In base 9, what is 42 - -772?
824
In base 10, what is -182 + -2?
-184
In base 8, what is 5 + 17?
24
In base 13, what is 39b + 2?
3a0
In base 6, what is 4 + -515?
-511
In base 14, what is 9 + 0?
9
In base 12, what is 3 - -115?
118
In base 13, what is 75 - 55?
20
In base 14, what is 4 + -16a?
-166
In base 11, what is 9 + 158?
166
In base 12, what is 4 + -a?
-6
In base 8, what is 10 + 3470?
3500
In base 16, what is -5 + -10?
-15
In base 16, what is 7ca + 2?
7cc
In base 7, what is 3 - -462?
465
In base 12, what is 70b + 3?
712
In base 7, what is 266554 + -2?
266552
In base 12, what is -4 + -4a5?
-4a9
In base 9, what is 137 + -1?
136
In base 15, what is 3 - 33?
-30
In base 13, what is 10b - -5?
113
In base 12, what is 2362 - 0?
2362
In base 3, what is -101020 + -121?
-101211
In base 11, what is 2 - -46?
48
In base 4, what is 1 - 121232?
-121231
In base 2, what is 101 + -111011011?
-111010110
In base 14, what is 4 - -170?
174
In base 9, what is -475 - -8?
-466
In base 9, what is 175 + 6?
182
In base 9, what is -8 - -151?
142
In base 9, what is 2 + -332?
-330
In base 7, what is 124 + 4?
131
In base 14, what is -3 + -92?
-95
In base 9, what is -142 - -53?
-78
In base 8, what is 326 - 23?
303
In base 15, what is -2a5 - -c?
-298
In base 3, what is 11002 + 11?
11020
In base 16, what is -207 + 4?
-203
In base 11, what is 2 + -64?
-62
In base 8, what is -12 + 2530?
2516
In base 6, what is -351242 + -1?
-351243
In base 3, what is 12 - 2121?
-2102
In base 7, what is 11 + -64?
-53
In base 16, what is 13 - 2f?
-1c
In base 8, what is -243 - 34?
-277
In base 9, what is 3 + -364?
-361
In base 10, what is 110 - -3?
113
In base 14, what is 300 + -19?
2c5
In base 4, what is -20011 - -101?
-13